culate the highest common factor of x and i.
5
Suppose 0 = 4*n + 4*g + 72, -2*n - g = 2*g + 39. Let j = 31 + n. What is the greatest common divisor of 16 and j?
16
Suppose -4*k + 33 = 5. Suppose k*t - 2*t - 20 = 0. Suppose 0 = -3*r - t*r + 441. What is the greatest common divisor of r and 7?
7
Suppose i + 1 = 2*i. Let d be -2 - (0 + i + 9). Let o = d + 21. Calculate the highest common factor of o and 9.
9
Suppose -5*o + 4*h = -0*h + 2184, 4*o + 4*h = -1740. Let t = 623 + o. Calculate the greatest common divisor of 17 and t.
17
Let f be -36*(-1 + (-5)/(-10)). Suppose 5*x - x = 3088. Suppose -x = -4*q - 268. Calculate the greatest common divisor of f and q.
18
Let s(d) = -d**2 - 12*d + 10. Let h be s(-7). Let n = 169 - 151. What is the highest common divisor of h and n?
9
Let z(d) = 2*d**2 + 12*d + 10. Let v be z(-5). Suppose -2*y - 3*k + 160 = 54, -2*y + 5*k + 122 = v. What is the highest common divisor of y and 140?
28
Let k be 32/10*(-5)/(-2). Let r = -9 + k. Let t be r/(-2*3/6). Calculate the highest common factor of t and 4.
1
Let g be (-14)/4 - (-1027)/2. What is the highest common factor of 20 and g?
10
Let i be (2/4)/(6/(-12)) - 4. Let z be (18/i)/(6/(-15)). What is the greatest common divisor of 63 and z?
9
Let c(u) = u**2 + 8*u + 5. Let z(f) = -3*f**2 + 3*f - 2. Let j = -1 + 3. Let i be z(j). Let t be c(i). What is the highest common factor of t and 5?
5
Suppose 3*z = 6*z + 5*a + 50, -90 = 4*z + 2*a. Let l = z - -33. What is the highest common factor of 16 and l?
8
Let r be ((-120*1)/(-5))/(6/42). What is the highest common factor of r and 7?
7
Let j be (3/(-5))/((-20)/600). Calculate the highest common divisor of 81 and j.
9
Let n = -252 - -253. Calculate the highest common factor of n and 16.
1
Suppose 5*i = -i + 24. Suppose i*u - 76 = -4*a, 0*a - 5*a + 4*u = -68. Calculate the greatest common divisor of 24 and a.
8
Let z(m) = m**3 - 14*m**2 - 33*m + 38. Let o be z(16). Let r = 130 + -75. Calculate the greatest common divisor of o and r.
11
Suppose -9*h + 8 + 82 = 0. Calculate the greatest common divisor of 310 and h.
10
Suppose 0 = 6*q + 12 - 42. Suppose j + 48 = q*j. Suppose 0 = -3*m + m + 120. What is the highest common factor of m and j?
12
Let t = -242 + 913. Calculate the greatest common factor of t and 61.
61
Suppose -5*d - 2*c = -0*c - 137, -3*c = -4*d + 105. Let r = -104 - -67. Let w = r + 145. What is the highest common factor of w and d?
27
Let x(y) = 408*y - 710. Let m be x(7). What is the highest common factor of m and 74?
74
Let k = 136 - -103. Suppose 3*w = 6*f - f - 221, 0 = -3*w - 4*f - k. Let s = w + 162. Calculate the greatest common factor of 17 and s.
17
Let y be (37/(-2))/((-2)/20). What is the greatest common factor of y and 5?
5
Let j(c) = c**2 + 59*c + 136. Let x be j(0). Suppose 4*y - 42 = 26. Calculate the greatest common divisor of y and x.
17
Let t = -102 - -153. Let x = 85 - t. Calculate the highest common factor of x and 17.
17
Let g(d) = -d**2 - 11*d - 19. Let n be g(-8). Let p = 50 + n. Suppose 0 = 2*k + k - q - 17, 4*k - q = 22. Calculate the greatest common divisor of k and p.
5
Let r be (-4)/(-6) - (1 + 327/(-9)). What is the highest common factor of 216 and r?
36
Suppose 0 = 3*k - 2*q - 625, 0 = -k + 4*k + 3*q - 630. Let z(o) = -2*o**2 - 34*o - 13. Let b be z(-16). Calculate the greatest common factor of b and k.
19
Suppose -j = 4*x - 20, 4*j + 2*x - 11 = 13. Let c(p) = 7 + p + j - 1. Let v be c(7). What is the greatest common factor of v and 119?
17
Suppose b - s = 10, -b - s - 10 = 2*s. Suppose 3*z = -4*j + 122, 0 = 3*j - b - 1. Calculate the greatest common divisor of 95 and z.
19
Suppose -3*o - 4*d + 364 = -3*d, 238 = 2*o - 4*d. What is the greatest common divisor of 11 and o?
11
Let b be (11/2)/((-6)/(-48)). Let z = b - 10. What is the highest common factor of 170 and z?
34
Let n(i) = -2*i + 4. Let c be n(-3). Let d be ((-35)/(-49))/(3/21). Suppose d*x - 5 = 15. Calculate the greatest common factor of x and c.
2
Let s = 12 + -5. Let o(f) = f - 2. Let r(g) = -g**2 - 10*g - 7. Let z be r(-8). Let l be o(z). What is the greatest common divisor of s and l?
7
Suppose -8*z + z + 35 = 0. Suppose 2*o = -4*r + 220, -z*r + 2*r = -5*o - 165. Calculate the highest common divisor of r and 5.
5
Let h = -260 - -266. Suppose 484 = 3*n - 2*i, n = 2*n + 2*i - 164. Suppose w - n = -2*w. What is the greatest common factor of h and w?
6
Let s = -47 - 17. Let m be 7/(196/(-16)) - s/14. What is the highest common factor of m and 10?
2
Let c be (-6)/8 - 1878/16*-2. Let w be 4/14 - c/(-14). What is the greatest common factor of 68 and w?
17
Let q(i) = 4*i**2 - 3*i**2 - 7*i - 5 - 5 - 16. Suppose 3*w + 22 = 5*w. Let m be q(w). What is the greatest common divisor of m and 144?
18
Let n be 4 + (-799)/(-3) + 4/(-12). What is the highest common divisor of 60 and n?
30
Suppose 7*w + 51 = 8*w. Let x = 78 - w. What is the greatest common factor of x and 36?
9
Suppose 60 = -28*y + 23*y. Let p = 21 + y. Calculate the highest common factor of 18 and p.
9
Suppose 0 = 2*u + 3*o - 142, 5*u - 222 = 5*o + 83. What is the greatest common factor of u and 26?
13
Let s be ((-126)/7)/(2/33). Let i = -171 - s. What is the greatest common divisor of i and 18?
18
Let z be 3 + 1125/54 + 2/12. Calculate the highest common divisor of z and 152.
8
Let x be (48/(-27))/((-14)/63). Calculate the highest common factor of x and 152.
8
Suppose -1 - 32 = 3*w. Let z = w + 30. Let v be (-6)/(2 - 0) + z. What is the highest common divisor of v and 4?
4
Let r be (-24)/(-1 - (-2)/6). Suppose -4*d - 43 - 97 = -o, 3*d = 3. What is the greatest common divisor of r and o?
36
Suppose 711 = -2*p + 1161. Suppose f + 105 = 4*t, -2*t - 2*f + 57 = 17. What is the greatest common factor of p and t?
25
Suppose h - 2*u = 34, -4*u + 2*u = -4*h + 106. Let g be (630/(-49))/(6/(-56)). What is the greatest common divisor of h and g?
24
Let o = 55 - 61. Let m be 1/(o/(-180) - 0). Calculate the highest common factor of m and 18.
6
Suppose -9*f + 4*f = 5*m - 10, -3*f = -5*m - 30. Calculate the greatest common factor of f and 35.
5
Let u be 3 + -8 + 4 + 42. Let f = -33 + u. Calculate the highest common factor of f and 12.
4
Suppose -229 = -16*v + 75. Let b(x) = 2*x + 1. Let h be b(1). Suppose j - 285 = -5*g - h*j, 2*g = 3*j + 114. What is the greatest common factor of v and g?
19
Let p = 40 - -130. Suppose 0 = 10*d - p - 50. What is the highest common factor of d and 176?
22
Suppose 2*n - 80 = -2*n. Let w be 43/2 - 6/4. Calculate the highest common factor of n and w.
20
Let d be 47 + (5 + (-10 - -7) - 4). What is the highest common factor of d and 645?
15
Let v = -1643 - -1646. Calculate the greatest common factor of v and 68.
1
Let t(q) = q**3 + 13*q**2 + 8*q + 17. Let m be t(-5). What is the greatest common divisor of 9 and m?
3
Let y be 4/10*5 + 0. Suppose -y*z + 4*z - 2 = 0. Let a be (z/2)/((-5)/(-10)). What is the greatest common divisor of a and 8?
1
Suppose -7*k + 8*k = 2. Suppose k*p = -p + 9. Calculate the greatest common divisor of 3 and p.
3
Let s(g) = g + 6. Let o be s(3). Suppose o*q - 120 = 573. Calculate the highest common divisor of 11 and q.
11
Suppose -3*t + 2*n + 2 = 0, 4*t - 11*n = -13*n + 12. Calculate the greatest common divisor of 2 and t.
2
Let u(f) = -43*f + 702. Let k be u(16). What is the highest common factor of 14 and k?
14
Let s(b) = 9*b**2 + b. Let n be s(1). Suppose -r + 332 = -5*r. Let g = r + 153. Calculate the greatest common divisor of g and n.
10
Let h(v) = 2*v + 7. Let g(n) = -n - 6. Let u(y) = 3*g(y) + 2*h(y). Let b be u(7). Calculate the greatest common divisor of 2 and b.
1
Suppose 0 = 2*v - 35 + 7. Let q be (v/21)/((-2)/(-42)). Suppose 2*w - 82 = -2*p - 12, 35 = p - w. What is the greatest common factor of q and p?
7
Let r = -11 - -13. Let z = 38 + -29. Let s be (3/(-3) + -2)*(-30)/z. Calculate the greatest common factor of s and r.
2
Let u be 2*((1 - -3) + -2). Suppose 5*i - 36 + 1 = -4*r, -u*r = i - 23. Suppose 1178 = 6*p + 1160. Calculate the greatest common factor of i and p.
3
Suppose 0 = 3*i + 3*k - 4359, 7*k - 1377 = -3*i + 3002. Calculate the greatest common divisor of 8 and i.
8
Let t be (-4*(-6)/16)/((-6)/(-8)). Let f be t - (-7)/(-4) - 95/(-4). Calculate the highest common factor of 24 and f.
24
Let k(b) = 2*b**2 + 5*b - 